{"id":17,"date":"2020-10-31T12:23:48","date_gmt":"2020-10-31T12:23:48","guid":{"rendered":"https:\/\/pflegedienst-ke.de\/?page_id=17"},"modified":"2020-11-21T18:38:10","modified_gmt":"2020-11-21T18:38:10","slug":"ueber-uns","status":"publish","type":"page","link":"https:\/\/pflegedienst-ke.de\/?page_id=17","title":{"rendered":"\u00dcber uns"},"content":{"rendered":"<div class=\"wpb-content-wrapper\"><p>[vc_row][vc_column][vc_empty_space height=&#8220;10px&#8220;][\/vc_column][\/vc_row][vc_row][vc_column width=&#8220;1\/4&#8243;][vc_single_image image=&#8220;107&#8243; img_size=&#8220;medium&#8220; alignment=&#8220;center&#8220; style=&#8220;vc_box_rounded&#8220; css_animation=&#8220;fadeIn&#8220; title=&#8220;Karsten Eggert&#8220;][\/vc_column][vc_column width=&#8220;1\/2&#8243;][vc_column_text]Mein Name ist Karsten Eggert. Ich bin examinierter Gesundheits- und Krankenpfleger mit einer zus\u00e4tzlichen Ausbildung zur Pflegedienstleitung. Ich lebe seit meiner Geburt in Ueckerm\u00fcnde und bin sehr mit dieser sch\u00f6nen Region verwurzelt.<\/p>\n<p>Dass ich diesen beruflichen Weg gegangen bin, habe ich meiner Oma zu verdanken. Sie erlernte einst selbst den Beruf der Krankenschwester und war viele Jahre im Ueckerm\u00fcnder Krankenhaus als Stationsschwester t\u00e4tig.<\/p>\n<p>Bevor ich den Schritt in die Selbstst\u00e4ndigkeit wagte, war ich 13 Jahre bei einem \u00f6ffentlichen Tr\u00e4ger in der Region als Pflegedienstleiter t\u00e4tig und konnte so jede Menge Berufserfahrung sammeln.<\/p>\n<p>Den Traum einen eigenen ambulanten Pflegegdienst zu gr\u00fcnden, hatte ich schon l\u00e4nger \u2013 und zwar einen Pflegedienst nach eigenen Vorstellungen, mit eigenen Werten und Ideen. Nun ist dieser Traum in Erf\u00fcllung gegangen.<\/p>\n<p>Unser Team besteht aus freundlichen, herzlichen und dynamischen Pflegefachkr\u00e4ften mit langj\u00e4hriger Berufserfahrung.<\/p>\n<p>Wir arbeiten mit modernster Technik, die uns Zeitersparnisse in der Dokumentation erm\u00f6glicht, um so mehr Zeit f\u00fcr unsere Patienten zu haben.<\/p>\n<p>Das Wohl unserer Patienten und Mitarbeiter hat h\u00f6chste Priorit\u00e4t und liegt uns sehr am Herzen.[\/vc_column_text][\/vc_column][vc_column width=&#8220;1\/4&#8243;][\/vc_column][\/vc_row]<\/p>\n<\/div>","protected":false},"excerpt":{"rendered":"<p>[vc_row][vc_column][vc_empty_space height=&#8220;10px&#8220;][\/vc_column][\/vc_row][vc_row][vc_column width=&#8220;1\/4&#8243;][vc_single_image image=&#8220;107&#8243; img_size=&#8220;medium&#8220; alignment=&#8220;center&#8220; style=&#8220;vc_box_rounded&#8220; css_animation=&#8220;fadeIn&#8220; title=&#8220;Karsten Eggert&#8220;][\/vc_column][vc_column width=&#8220;1\/2&#8243;][vc_column_text]Mein Name ist Karsten Eggert. Ich bin examinierter Gesundheits- und Krankenpfleger mit einer zus\u00e4tzlichen Ausbildung zur<span class=\"excerpt-hellip\"> [\u2026]<\/span><\/p>\n","protected":false},"author":1,"featured_media":0,"parent":0,"menu_order":0,"comment_status":"closed","ping_status":"closed","template":"","meta":{"footnotes":""},"class_list":["post-17","page","type-page","status-publish","hentry"],"_links":{"self":[{"href":"https:\/\/pflegedienst-ke.de\/index.php?rest_route=\/wp\/v2\/pages\/17","targetHints":{"allow":["GET"]}}],"collection":[{"href":"https:\/\/pflegedienst-ke.de\/index.php?rest_route=\/wp\/v2\/pages"}],"about":[{"href":"https:\/\/pflegedienst-ke.de\/index.php?rest_route=\/wp\/v2\/types\/page"}],"author":[{"embeddable":true,"href":"https:\/\/pflegedienst-ke.de\/index.php?rest_route=\/wp\/v2\/users\/1"}],"replies":[{"embeddable":true,"href":"https:\/\/pflegedienst-ke.de\/index.php?rest_route=%2Fwp%2Fv2%2Fcomments&post=17"}],"version-history":[{"count":6,"href":"https:\/\/pflegedienst-ke.de\/index.php?rest_route=\/wp\/v2\/pages\/17\/revisions"}],"predecessor-version":[{"id":114,"href":"https:\/\/pflegedienst-ke.de\/index.php?rest_route=\/wp\/v2\/pages\/17\/revisions\/114"}],"wp:attachment":[{"href":"https:\/\/pflegedienst-ke.de\/index.php?rest_route=%2Fwp%2Fv2%2Fmedia&parent=17"}],"curies":[{"name":"wp","href":"https:\/\/api.w.org\/{rel}","templated":true}]}}